. Determine r(j).
1
Suppose 3*b + 22 = 64. Let m be 4/b + (-46)/14. Let c(a) = a**2 + 5*a + 6. Let k(l) = 5*l**2 + 25*l + 31. Let f(j) = -11*c(j) + 2*k(j). Give f(m).
2
Let g be (0 - 9/3) + 2. Let a be g + 3 + -2 + -3. Let d(j) = j**3 + 3*j**2 + j - 3. Calculate d(a).
-6
Let o(c) = c + 4. Let n(f) be the second derivative of -f**3/6 - 5*f**2/2 - f. Let i be (1 + (-1)/3)*-6. Let a(d) = i*o(d) - 3*n(d). What is a(-6)?
5
Let b = -10 - -7. Let i(k) be the third derivative of k**5/60 - 2*k**3/3 - 4*k**2. Determine i(b).
5
Let v(f) be the second derivative of -7*f**6/720 + f**5/120 + 5*f**4/12 + 5*f. Let j(x) be the third derivative of v(x). Calculate j(1).
-6
Suppose -5*l = n + 33, 5*n - 6 = 3*l - 3. Let v be l/(-2)*1/(-3). Let y(r) = -15*r. What is y(v)?
15
Let i be 2 - (-3 - (-8)/2). Let j(b) = 15*b**2 + b. What is j(i)?
16
Let i = 0 + 2. Suppose -i*o = -o + 3. Let m(p) be the third derivative of -p**6/120 - p**5/20 - p**3/6 + 4*p**2. What is m(o)?
-1
Let q(r) = r**2 + 7*r + 7. Suppose -1 - 10 = 3*z - 2*i, -5*z = 4*i + 55. Calculate q(z).
7
Let b(m) be the third derivative of 0*m + 5/6*m**3 + 8*m**2 + 1/24*m**4 + 0. Calculate b(-5).
0
Let o = 66 + -70. Let g(d) = -d - 6. Determine g(o).
-2
Let a(f) = f**2 + 6*f. Let c = 25 + -32. Determine a(c).
7
Suppose 5 = -6*x + 5*x. Let z(k) = k + 6. What is z(x)?
1
Let a = -87 + 83. Let z(f) = -2*f - 5 + 1 + 0. What is z(a)?
4
Let z(n) = 5*n**3 + 2*n - 1. Suppose 2*b + 3 = 5. Suppose -2*x - b + 7 = -2*w, 1 = 5*w - x. Determine z(w).
6
Let t be ((-3)/(-2))/(20/(-8) - -3). Let b(d) = -3*d**3 - d**2 + 4*d + 2. Let z(r) = 4*r**3 - 4*r - 3. Let m(h) = 5*b(h) + 4*z(h). Determine m(t).
-8
Let q(a) = 5*a**3 + 12*a**2 - 7*a + 9. Let l(f) = 4*f**3 + 11*f**2 - 6*f + 8. Let i(w) = 6*l(w) - 5*q(w). Calculate i(5).
23
Let g(j) = 4*j**2 + j**3 + 13 + j**2 - 15. Calculate g(-3).
16
Let p(n) = -5*n**3 + 4*n**2 - 9*n - 1. Let z(s) = 3*s - 4*s**2 + 0*s**3 + 5*s + 4*s**3. Let v(q) = 3*p(q) + 4*z(q). Calculate v(3).
3
Let m be ((-4)/(-2))/((-6)/(-39)). Let v = m - 8. Let a(d) = d - v + 7 + d. Give a(-2).
-2
Let z(u) = 2*u**2 - 3*u - 4. Let l be z(3). Let p(w) = w**3 - 6*w**2 + 7*w - 7. What is p(l)?
3
Let z(s) = -8*s + 32*s - 22*s. Suppose 0 = -4*i + 14 + 2. Calculate z(i).
8
Let p(u) = -u**2 - 3*u + 7. Suppose -3*o + 5 - 2 = 0. Suppose -2*b - 12 = b. Let v = b - o. What is p(v)?
-3
Suppose 0 = -o + 3 + 1. Let c(b) = b + 5. Let q be c(-4). Let v(a) = 3*a - a - q + 0*a - 1. Give v(o).
6
Let b(g) be the second derivative of g**6/120 + g**5/10 - 2*g**3/3 + 3*g**2/2 + 3*g. Let c(i) be the first derivative of b(i). What is c(-6)?
-4
Let b = 22 + -20. Let w(x) = x**2 + 4*x**2 - 6*x**2 - b - x**3. Determine w(-2).
2
Let n(d) = 0 + 1 - 23*d**2 + 20*d**2. What is n(2)?
-11
Let m(q) be the second derivative of q**5/20 + q**4/3 - 2*q**3/3 + q**2 + 8*q. Calculate m(-5).
-3
Let d(i) be the second derivative of i**3/6 + i**2/2 - 3*i. What is d(4)?
5
Let y(m) = m**3 + 4*m**2 - 5*m + 7. Let s = 37 - 42. Give y(s).
7
Let a(d) = 0 - 3 + 5*d + 5. Let g(q) = -9*q - 3. Let j(b) = -7*a(b) - 4*g(b). What is j(-5)?
-7
Let z be 40/12*6/4. Let i be (-7)/21 - (-37)/3. Let t(c) = i + 4 + 0*c - 6 - c. Calculate t(z).
5
Let i(x) be the first derivative of -x**3/3 + 4*x**2 - 5*x - 3. Calculate i(5).
10
Let n be 0 - (-5 - (-3)/1). Let y(b) = 6*b - 2. Determine y(n).
10
Let n(o) = -6*o - 79 + 147 + o**2 - 66. Suppose 2*s + 5*g = 43 - 8, -4*g + 40 = 4*s. Determine n(s).
-3
Let v(x) = x**2 + 4*x - 25. Let g be v(-8). Let k(q) = -q + 8. Determine k(g).
1
Let i(s) = -s + 7. Let m be i(4). Let a(k) = -m*k**2 + 4*k**3 - 4*k**3 + 6 + 6*k - k**3. Give a(-4).
-2
Let t be -1*(-3)/6*-2. Let v(f) = -3*f - 4*f - 3*f. Determine v(t).
10
Let l(c) = -c. Let t(u) = -4*u - 3. Let v be t(-2). Give l(v).
-5
Let s(k) = -2*k**2 - 8*k + 4. Let l be s(-5). Let o(u) = u**2 + 4*u - 3. Calculate o(l).
9
Suppose 0 = 2*b - 12. Let y(s) = s**2 + 6*s + b + 5 - 4. Give y(-5).
2
Let o = 2 - 2. Let a(n) be the second derivative of -n**4/6 - n**3/3 + 3*n**2/2 - 2*n. Let z(h) = -h**2 - h + 2. Let s(c) = 4*a(c) - 7*z(c). Calculate s(o).
-2
Let k(a) = a**2 - a + 2. Suppose -4*h - 15 = -5*q, 0*h - 5*q = 5*h - 15. Suppose -3*m - 6*v + 3*v = 0, h = -5*m - 3*v + 4. What is k(m)?
4
Let y(n) = -5*n**2 - 6*n. Let a(j) = 6*j**2 + 7*j. Let g(d) = -3*a(d) - 4*y(d). Suppose -2*l - 2 = -l. Determine g(l).
2
Let g(i) = 5*i - 13. Let j(d) = 14*d - 39. Let k(m) = 17*g(m) - 6*j(m). Give k(-6).
7
Suppose -2*z = -z. Let y(u) = -3*u**2 + 1 + 8*u + 2*u**2 + z - 5*u. Determine y(5).
-9
Let x(v) = -v**3 - v**2 - 6. Suppose 0 = j - 2*j + 21. Let r be 6/j - (-4)/(-14). Calculate x(r).
-6
Let h(l) = l**2 + 2*l + 3. Suppose -11 = 5*y + 4. What is h(y)?
6
Suppose 0*t + 2*t = -6. Suppose -5*f - 1 + 11 = 0. Let s(c) = c**f + 3*c - 4*c - 2 + c. Calculate s(t).
7
Suppose -r = -2*k + 4, 5*r - 4 = -4*k + 2*k. Suppose -7 = -k*p + p. Let s(i) = i - 1. What is s(p)?
6
Let t(z) be the first derivative of -1 + 5/2*z**2 - 2*z - 1/4*z**4 - z**3. Determine t(-4).
-6
Let n = -54 + 55. Let j(t) = -16*t. Calculate j(n).
-16
Suppose 0*z = -3*i + 3*z - 9, 2*i + 6 = 4*z. Let m(h) = h**2 + 3*h + 3. Determine m(i).
3
Let z(r) = r**2 - r - 1. Let h(v) = v**2 - 8*v - 6. Let k(w) = h(w) - 2*z(w). Let u(i) = -i - 2. Let m = 2 - 0. Let q be u(m). Give k(q).
4
Let p(l) = 7*l**2 + 4*l + 2. Let y(u) = -3*u**2 - 2*u - 1. Let m(h) = -8*h - 1. Let a be m(-1). Suppose -4*b - 9 = a. Let z(f) = b*p(f) - 9*y(f). What is z(3)?
-2
Suppose -s - 5 + 13 = 0. Let d(q) = q + 3 - s - 6. Calculate d(0).
-11
Let p(c) = -106 - 10*c**3 + 9*c**3 + 102 - c**2. Let q be -1 + 1 - (1 + -1). What is p(q)?
-4
Suppose -2*c - 14 = -m, -2*c + 23 = 2*m - 5*c. Let h(d) = m*d + 2 + 2*d**2 - d**2 - 1. Let u be (6/4)/((-2)/4). Give h(u).
-2
Let h = 12 - 8. Suppose -w + h = 1. Let g(f) = -3 + f + 2*f + 2*f**3 - f**w - 3*f**2. Determine g(3).
6
Let b(y) be the third derivative of -y**9/60480 - y**8/3360 - y**7/1008 + y**6/240 - 2*y**5/15 + 8*y**2. Let n(r) be the third derivative of b(r). Give n(-4).
-9
Let h(p) = 2*p + 1. Let l be -2*-3*(-6)/(-36). Give h(l).
3
Suppose 0 = -0*n + n - 4. Let p(q) be the second derivative of -2*q - 7/2*q**2 + 1/6*q**3 + 0. Give p(n).
-3
Let j be 2/8 - 47/(-4). Suppose 0 = l - 2 - 1. Suppose -2*c - l*c + 3*n = -j, -8 = -5*c + 2*n. Let s(r) = -r**3 - r**2 - r + 11. What is s(c)?
11
Let t(d) be the first derivative of -d**4/4 + 5*d**3/3 - 2*d**2 - 5*d - 2. Let g(l) = -l**3 + 4*l**2 + l. Let u be g(4). Give t(u).
-5
Suppose -5*f + 2 = -28. Let o(v) = -v - v**2 + 0 + 2 + f - 6. Determine o(2).
-4
Let k(y) = -7*y**3 - 12*y**2 - 11*y + 8. Let o = -13 + 30. Let n(u) = 20*u**3 + 35*u**2 + 32*u - 23. Let s(m) = o*k(m) + 6*n(m). What is s(-5)?
-2
Let q(j) = j**2 - 2*j - 2. Suppose 5*f = 5, 4*f = -2*h - 0*f - 22. Let p = 25 + h. Suppose 2*z = -z + p. Give q(z).
6
Suppose 0 = 6*x - 3*x. Let q = x + -4. Let w(f) = -f**3 - 6*f**2 - 4*f + 3. Determine w(q).
-13
Suppose -3*t + 3*k = -3, 2 = 4*t - 0*k - 3*k. Let m(a) = 10*a**2 + a. What is m(t)?
9
Suppose -m + 2 - 1 = 0. Let c = -3 + 6. Let p(i) = -i**3 - 2*i + 0*i + 7*i**c + 1. What is p(m)?
5
Let d(t) = t**3 - 2*t + 0*t + t + 0*t + t**2 - 10. Calculate d(0).
-10
Let s = 13 - 8. Suppose -6*j + j = -s. Let m(a) = -6*a**2 - 3*a + 2*a - a**2. Determine m(j).
-8
Let z(r) be the first derivative of -r**4/12 - 5*r**3/6 - r**2/2 - 2*r - 2. Let q(i) be the first derivative of z(i). Give q(-4).
3
Let l(c) = c**3 - 8*c**2 - 6*c - 4. Let o(n) = n**3 - 7*n**2 - 6*n - 3. Let b(w) = -5*l(w) + 6*o(w). What is b(4)?
10
Suppose 4*y - 11 + 3 = 0. Let d(z) = -9*z + 2. Let x(s) = -26*s + 6. Let g(u) = 17*d(u) - 6*x(u). Determine g(y).
4
Let o(u) = -4*u. Suppose -7 = -2*y - 9. Give o(y).
4
Let g(b) = -8*b**3 - 1. Let z = -3 - 0. Let c = -3 - z. Suppose -4 + c = 4*d. What is g(d)?
7
Let k(i) = -14*i**3 - 23*i**2 + 23*i - 32. Let w(m) = 5*m**3 + 8*m**2 - 8*m + 11. Let d(o) = 4*k(o) + 11*w(o). Let c = 8 + -13. Give d(c).
-2
Let m(g) be the first derivative of -1/2*g**2 - 3*g - 1. Calculate m(-3).
0
Suppose -6*l = -3*l - 6. Suppose -n = -3*g - 10, n + 6*g - 3*g = -l. Let h(b) = -3 + 3*b - 4*b - b**2 + n + 0. Calculate h(1).
-1
Let x(i) = i - 1. Let o(p) = -2*p + 1. Let a(g) = -3*o(g) - 4*x(g). What is a(-4)?
-7
Let q(t) = -4*t**2 + 9*t - 3. L